4. What is the tens digit of t?
9
Suppose -3*c + 38886 = -7*a, 4*a + 9290 = c - 3672. What is the units digit of c?
2
Suppose -4*b + 8*b = 2744. Let o = b - 260. What is the tens digit of o?
2
Suppose -267*n - 40170 = -268*n + 5*k, 0 = 5*k - 35. What is the hundreds digit of n?
2
Let j = -7 + 4. Let x(f) = 0*f**2 - 155*f - 7 + 154*f + 4*f**2. What is the units digit of x(j)?
2
Let h = -198 + 198. Suppose h = -3*d - 0*d + 3. What is the units digit of d?
1
Let n(v) = -8*v + 36. Let h be n(3). Let f(c) = c**2 - 6*c - 8. What is the tens digit of f(h)?
6
Let x = -20 + 62. Let q = -86 - -172. Let y = q - x. What is the tens digit of y?
4
Suppose -16*v = -13*v. Let q(j) = 2*j**2 - 56*j + 4*j**2 + 77*j - 9 - j**3 + v*j**2. What is the tens digit of q(6)?
1
Suppose 11*q - q - 320 = 0. Let d = q + -30. What is the units digit of 8/6*d/(-4)*-153?
2
Let b = -38 + 39. Suppose 0 = -0*a - a - b, -4*a - 334 = 5*z. Let s = z + 89. What is the units digit of s?
3
Suppose 2*b - 15 = -19. What is the hundreds digit of (b - -1)/(10/(-20))*323?
6
Let s(q) = -q**3 + 12*q**2 - 9*q + 1. Suppose i + 0*a - 4*a - 6 = 0, 3*a + 1 = -i. Let l be i + 20/(-11) - 1376/(-176). What is the tens digit of s(l)?
8
Suppose -395*k - 333*k + 143*k + 16986645 = 0. What is the ten thousands digit of k?
2
Let p(r) = 11844*r + 2537. What is the ten thousands digit of p(3)?
3
Let m = -13527 + 14132. What is the units digit of m?
5
What is the thousands digit of 6087694/985 + (7/(-5) - -2)?
6
Suppose 47*u = 166197 + 862069. What is the hundreds digit of u?
8
Let u be ((-31)/(-3))/(12 - (-790)/(-66)). Suppose -6*z + 1051 = -u. What is the units digit of z?
2
Suppose -36*h = -25*h. Suppose 0*r + 833 = n - 3*r, -2*n + 2*r + 1654 = h. What is the units digit of n?
4
Let q(s) = 5*s**2 - 3*s. Let f(p) = -4*p**2 - 470 + 4*p + 235 + 234. Let b(a) = 3*f(a) + 4*q(a). What is the tens digit of b(2)?
2
Let j be (-380)/(-15)*(5 + -2). Suppose 31*p = 36*p - 1060. Suppose 3*w - j = p. What is the units digit of w?
6
Let h(a) = a**3 + 9*a**2 - 8*a - 23. Let f be h(-11). Let t = f + 2104. What is the thousands digit of t?
1
Let s = -11801 + 24909. What is the tens digit of s?
0
Let c be 6/((-12)/(-48) + 11/4). Let k(v) be the second derivative of v**3/2 + 4*v**2 - 2*v. What is the tens digit of k(c)?
1
Suppose 67*q - 45*q - 193776 = 0. What is the tens digit of q?
0
Suppose 543 = -16*o - 369. Let y = o + 764. What is the hundreds digit of y?
7
Suppose -3*p - 14 = -6*p - 2*i, 0 = 5*p + 5*i - 20. Suppose 0 = p*k - 2598 + 330. What is the units digit of k?
8
Let j = 12346 - 4523. What is the tens digit of j?
2
Let a(c) = -c**2 - 12*c + 25. Let g be a(-14). Let f be 0/(g - (-4 - (-1 - 2))). Suppose 2*z + 48 = t - 24, -4*t - 5*z + 275 = f. What is the units digit of t?
0
Let d be ((-534)/15)/(4/(-230)). Let p = d - 1283. What is the units digit of p?
4
Let p be 4 - (0 - -1) - 104/(-26). What is the units digit of ((29 + -8)/p)/(3/1816)?
6
Let r(p) = p**3 - 17*p**2 - 13*p + 47. Let q = -29 - -47. What is the units digit of r(q)?
7
Let h(m) = -16*m - 8. Let s(g) = 31*g + 17. Let t(c) = 11*h(c) + 6*s(c). What is the units digit of t(3)?
4
Suppose 0 = 118*x - 131*x + 363896. What is the ten thousands digit of x?
2
Suppose -29*p + 27*p + 7*w = -78265, 3*p - 117405 = 3*w. What is the units digit of p?
6
Suppose -2*b + 4 = -4*b. Let z(s) = -s**3 - 2*s**2 + 4*s + 5. Let v be z(b). What is the units digit of 77 + ((-12)/(-4))/v?
6
Let f(w) = 9*w**2 + 4*w + 2. Let r be 1*(-3)/3 + (107 - 11). Let k = 93 - r. What is the tens digit of f(k)?
3
Let l be -5*(2/5)/(-1). Suppose 3 = -l*p + 7. Suppose -5*y = p*b - 121, -2*b + 2*y + 346 = 3*b. What is the tens digit of b?
6
Let p(t) be the second derivative of -3*t**5/5 + t**4/12 + 2*t**3/3 + t**2 - 31*t. Let n be p(-1). Suppose 396 = 17*m - n*m. What is the tens digit of m?
6
Let m = 82 - 82. Let u(j) = m*j + 7*j - 7 + 0 + 2. What is the hundreds digit of u(18)?
1
Let m(n) be the first derivative of -91*n**4/24 - n**3/3 + 5*n**2/2 - 7. Let g(f) be the second derivative of m(f). What is the units digit of g(-1)?
9
Let q = -608 - -610. What is the tens digit of ((q - 3) + 186)*(-1725)/(-375)?
5
What is the thousands digit of (-2)/9 + (-82737)/(-81)*5?
5
Let t be 15/6 + 2/(-4). Let u(l) = l + 134. Let w be u(-57). Suppose -3*r = r - 3*y - w, 58 = 3*r - t*y. What is the tens digit of r?
2
Suppose 0 = 2*a + 5*p - 23, 5*p - 13 = 3*a + 3*p. Let g be (-128)/(a/4*(4 + -2)). Suppose -2*y + b = 3*b - 100, -5*y - 3*b = -g. What is the tens digit of y?
5
Let t = 57 + -1. Let u = t - 64. What is the tens digit of -1*2 - 38*12/u?
5
What is the units digit of ((-41)/((-246)/3474))/(3/20)?
0
Suppose -5*b = 5*c - 25, 4*c - c + 5 = b. Suppose -2*m - 4*j - 112 = c, 2*j - 269 = 5*m + j. Let v = m + 166. What is the units digit of v?
2
Let o(y) = 28 + 27*y**2 - y**2 - y - 7 - 12. Let n be o(-4). Suppose m - n = -5*v + 2*m, -v - 3*m = -73. What is the tens digit of v?
8
Let j(i) = 9*i**2 - 18. Let p be 42/6 + -4 + 4. What is the tens digit of j(p)?
2
Let u(g) = g**3 - 12*g**2 + 12*g + 3. Let b be u(11). Let s = 941 + -656. Suppose -b*a + 9*a = -s. What is the tens digit of a?
5
Suppose -3*l + 0*u = -2*u - 80, l = u + 25. Suppose 3*p - c + 1 = -l, c = p + 9. What is the tens digit of (p/11)/(78/79 - 1)?
7
Let j = -1487 - -1496. Let v(q) = 20*q**2 + 2*q - 4. Let s be v(-7). Suppose 1108 = j*f - s. What is the hundreds digit of f?
2
Suppose 13*q = 7*q + 177366. What is the tens digit of (-6)/4 + q/82?
5
Suppose -873066 = -34*s + 95143 + 102587. What is the tens digit of s?
9
What is the tens digit of -30*23/(-276) + (-1 - (-161706)/4)?
2
Let u be (2 - (-4)/(-3))/((-48)/(-1800)). Suppose -4*x - 32 = -8*x. Suppose 23*r - u*r = -x. What is the units digit of r?
4
Let x(d) = -3419*d - 326. What is the units digit of x(-4)?
0
Let b(o) = -1141*o - 34. Let k(q) = 571*q + 17. Let j(i) = 3*b(i) + 5*k(i). What is the tens digit of j(-1)?
5
Suppose -35904 = -868*b + 844*b. What is the hundreds digit of b?
4
Let b(k) = 5*k + 87. Let c be b(-17). Suppose 3*y - 2*j - 1279 = 0, -c*j + j + 1282 = 3*y. What is the units digit of y?
7
Let j(h) be the first derivative of 1/4*h**4 - 6 + 13/3*h**3 - 3*h - 2*h**2. What is the units digit of j(-13)?
9
Let f(y) = -304*y + 618. What is the units digit of f(-7)?
6
Let p(s) = 20*s - 24. Let h(v) = 75*v - 103. Let b(o) = 37*o - 52. Let d(n) = 5*b(n) - 3*h(n). Let q(z) = 6*d(z) + 13*p(z). What is the tens digit of q(5)?
8
Suppose 0*l + 5*p - 10 = l, -4*p = -2*l - 8. Suppose l*y = 3*y - 2451. Suppose 8*n - 215 = y. What is the tens digit of n?
2
Let w = -177 + 311. Let u = w + 506. What is the tens digit of u?
4
What is the thousands digit of 7 + ((-1)/4 - (-450)/72*6381)?
9
Suppose 4*g = g + 5*y - 7285, 6 = 3*y. Let p be 2 - 4 - (g + 2/2). Suppose 12*z = p - 238. What is the tens digit of z?
8
Let w(j) = 70*j**2 - 39*j + 37. What is the thousands digit of w(10)?
6
Suppose 3*k + 4*j - 9*j = 22562, -k + 7523 = -4*j. What is the tens digit of k?
1
Let p = 9033 + 7875. What is the thousands digit of p?
6
Let i = -7548 + 7485. Let v be 2*((-522)/4)/(-1). Let u = v + i. What is the hundreds digit of u?
1
Suppose -2*s + 14*n - 16*n + 20 = 0, -25 = -4*s - n. Suppose -4*l - 5*c = 64 - 1855, 2*c = s*l - 2247. What is the hundreds digit of l?
4
Let s be (-3)/(-7) - (-144)/56. Let f(t) = 11*t**2 + 6*t**s - 5*t**3 - 8*t - 8 + t + 5*t. What is the tens digit of f(-10)?
1
Let m be 4*(-2 - (-6 - -3)). Suppose 4*b = -5*u + 265, -2*u + m*b + 73 = -b. What is the tens digit of u?
4
Let w be (4 - 0/6) + 0 + 31. Suppose 178 = -w*p + 36*p. What is the units digit of p?
8
Suppose -a - 10655 + 35339 = 0. What is the ten thousands digit of a?
2
Let p(i) = 398*i**2 + 4*i - 4. Let g be p(1). Let h = g + 65. What is the hundreds digit of h?
4
Suppose -14*k = -91441 - 41909. What is the tens digit of k?
2
Suppose 277*m + 73*m = 31*m + 13030193. What is the units digit of m?
7
Suppose 4*a - 4*z + 3*z - 331816 = 0, -4*a + 331848 = 3*z. What is the ten thousands digit of a?
8
Let o(g) = -g**3 - g + 19 + 37 + 31 - 3 - g**2. What is the tens digit of o(0)?
8
Let f(s) = -3*s**3 + 3*s**2 + 3*s - 17. Let l(t) = 7*t**3 - 5*t**2 - 6*t + 35. Let k(n) = 9*f(n) + 4*l(n). What is the tens digit of k(-5)?
2
Suppose -2*z